 o = v - 3. What are the prime factors of o?
5
Let m be (-2)/((-2)/(-63)*-3). Suppose 3*z + 3*n = z - 2, -m = -z + 4*n. Suppose 5*h - 75 = -z*y + 2*h, 2*h = 10. What are the prime factors of y?
2, 3
Let h be (-5)/(-2)*(10 + -6). Suppose -7*l + h = -2*l. Suppose 11 = 3*j - y, 5*j - l*j = -5*y - 1. What are the prime factors of j?
3
Suppose -s = -3*b + s + 7, -3*b - 3*s = -27. Suppose -5*a - 2 = -4*p + 8, -b = -p. Suppose 0 = -a*m + 5 + 9. List the prime factors of m.
7
Let o(y) = -1 + 0 - 3*y - 2 - y**2. Let u be o(-3). Let g = u - -8. What are the prime factors of g?
5
Suppose u + 0*u + 2*n - 22 = 0, 2*u - 38 = -n. What are the prime factors of u?
2, 3
Let t be (95 + -1)*3/(-6). Let a = -25 - t. What are the prime factors of a?
2, 11
Let o(i) = 5*i - i + 2*i + 1 + 2*i. List the prime factors of o(3).
5
Let f be (72/10)/((-3)/(-15)). Let k = -15 + f. What are the prime factors of k?
3, 7
What are the prime factors of 5*3*8/6?
2, 5
Suppose -6*a + 9*a = 6. List the prime factors of 5 + -8 - (-6 - a).
5
Let r(c) be the first derivative of 3*c**2/2 - 3*c - 2. Let z be r(2). Suppose z*a - 23 = 3*b + 22, -3*a + 4*b + 48 = 0. List the prime factors of a.
2, 3
Let u = 73 - 74. Suppose -39 = -4*q - 2*s + 15, -15 = -2*q - 5*s. Let h = q - u. List the prime factors of h.
2
What are the prime factors of 22/7 - (-7)/(-49)?
3
Let a(f) = -4*f - 1. List the prime factors of a(-2).
7
Suppose -6*n = -3*n + 42. Let v = n + 21. List the prime factors of v.
7
Let t be 1*3/(-1) - -6. Let i(h) = 4*h - 1. List the prime factors of i(t).
11
Let z be -2 - (141/1)/(-3). Let m = -24 + z. What are the prime factors of m?
3, 7
Suppose 3*p - 2*h - 1 = 0, -3*p + 5*h - 15 = -4. Suppose 3*x = -2*v + 4, -5*v = -2*x + 17 - 46. Let n = v + p. List the prime factors of n.
2
Let q be ((-8)/(-4))/(1/(-2)). What are the prime factors of (q/(-3))/((-4)/(-6))?
2
Suppose 5*d - 3*i = 145, d - 2*i - 22 = -0. What are the prime factors of d?
2
Let k be 0 - (0 + 0) - -2. Suppose -x + 45 = -0*x + 4*f, k*x - 2*f = 40. Suppose 6*q - q - x = 0. What are the prime factors of q?
5
Let f = 10 + 1. Let l = 29 - 14. Let d = l - f. What are the prime factors of d?
2
Let q = 7 + 16. List the prime factors of q.
23
What are the prime factors of ((-327)/(-9))/(1*3/9)?
109
Let u(f) = -f**2 - 9*f + 2. Let y be u(-8). Suppose -1 = -3*h + t + y, -24 = -4*h - t. Suppose -3*i = 5*o - h, 4 - 1 = i + o. What are the prime factors of i?
5
Suppose -3*t = 2*q + 11 - 0, 4*t - 4 = 0. Let v(f) = f**2 + 5*f - 10. Let u be v(q). Suppose -l = -u*l + 15. List the prime factors of l.
5
Let d(z) = 3*z**2 + 2*z - 8. List the prime factors of d(5).
7, 11
Suppose -3*v + z + 99 = 3, 0 = -2*z + 6. What are the prime factors of v?
3, 11
Suppose -5*k - 4*r - 23 = 0, 3*r + 19 = -4*k - 0*k. Let h(y) = -y**3 - 7*y**2 - 2*y + 3. List the prime factors of h(k).
17
Let n(t) = -7*t**3 + t**3 + 2 + 4*t**3 - 5*t + 3*t**3 - 5*t**2. Suppose 0 = s - 5 - 1. List the prime factors of n(s).
2
Suppose 2*v = 3 + 1. Let n = -2 + v. Suppose -5 = -s - n. List the prime factors of s.
5
Let w = 112 - 77. List the prime factors of w.
5, 7
Let c(o) = 5*o + 12. List the prime factors of c(9).
3, 19
Suppose -18*r + 824 = -14*r. List the prime factors of r.
2, 103
Let t = 496 + -289. What are the prime factors of t?
3, 23
Let n be (1/2)/(-1)*0. Suppose 2*r - 3*r + 18 = n. What are the prime factors of r?
2, 3
Let k = 207 + 135. List the prime factors of k.
2, 3, 19
Suppose 40 = -2*w - 3*b + 120, -2*w + 4*b = -66. List the prime factors of w.
37
Let v(j) = -4*j - 3. Let f be v(-2). Suppose 4*m = 3*m + f. Suppose 0 = 2*w - m*h - 41, -3*w + 0*w + 5*h + 49 = 0. List the prime factors of w.
2
Let a = -79 - -200. List the prime factors of a.
11
Suppose 0 = 2*z - 5*w + 23, 0*z - 4*w = -3*z - 17. What are the prime factors of -4 + 19 - (z + 1)?
13
Suppose 188 = -5*v + 478. What are the prime factors of v?
2, 29
Let j = 8 - -12. Let o = j + -13. List the prime factors of o.
7
Let d = 12 - -161. List the prime factors of d.
173
Let c = 6 - 0. Suppose -2*i = -c - 12. List the prime factors of i.
3
Let w be 1 - (-2 + (-1 - -2)). Suppose -22 = 2*o - 6*o + 3*b, 3*o + 5*b = w. Suppose -4*y = 2*x - 14, 4*y - x - o*x - 49 = 0. What are the prime factors of y?
2, 3
List the prime factors of (1 - 2)/(2/(-30)).
3, 5
Let y(c) = 5*c - 30. What are the prime factors of y(17)?
5, 11
Let x(i) = -4*i**3 - i**2 - 9*i - 17. List the prime factors of x(-2).
29
Suppose 2*b = b + 16. Suppose -5*p + b = -p. Let q = 0 + p. What are the prime factors of q?
2
Let q(y) = -1. Let b(v) = 4*v + 6. Let z(m) = b(m) + 12*q(m). Let g(n) = -n**3 - 5*n**2 + 4. Let x be g(-5). What are the prime factors of z(x)?
2, 5
Suppose 2*x - 4*x + 5*a + 19 = 0, 5*a = -15. Let o(m) = 2*m - 1. List the prime factors of o(x).
3
List the prime factors of (72/20 + -4)*-110.
2, 11
Suppose 4 = 5*v - 21. Let p = v + -2. What are the prime factors of ((-2)/p)/((-2)/15)?
5
Let w be 4 + -1*(0 - 1). Let y = 0 + -2. Let j = w + y. What are the prime factors of j?
3
Suppose -12 = -4*g + 196. List the prime factors of g.
2, 13
Let a = -6 - -8. Suppose -p - 2 = -7, a*t + p = 41. List the prime factors of t.
2, 3
Let s be (4/6)/((-8)/(-12)). Suppose -s = j - 26. What are the prime factors of j?
5
Suppose b - 7 = 2*b + 5*t, 5*b = -5*t + 5. Suppose 0 = -b*w - 29 + 74. List the prime factors of ((-9)/w)/((-2)/10).
3
Let t be 4/(2 + 2) - 0. Suppose 36 = 5*a + t. What are the prime factors of a?
7
Suppose -14 - 54 = -g. Let b = -26 - g. List the prime factors of b/(-8) - 1/(-4).
2, 3
Let q(y) = y + 26. List the prime factors of q(-9).
17
Let s(k) = -k**2 - 5*k + 6. List the prime factors of s(-5).
2, 3
Let s be (-1)/2*(-1 + 1). Suppose s*v + 3*v = 15. Suppose i - 3*i = -6, 4*q + v*i = 59. List the prime factors of q.
11
Suppose 4*s - 8 = 240. List the prime factors of s.
2, 31
Let g(r) = r**2 + 7. Let y be g(0). Let n(w) = -w**2 + 7*w + 9. Let c be n(y). Suppose 0 = a - 4*l + c, 0 = 3*a + 4*l - 26 - 11. List the prime factors of a.
7
What are the prime factors of (37/(-4))/(3/(-12))?
37
Let k(w) = -6*w - 6. Let h be k(6). Let q = 70 + h. What are the prime factors of q?
2, 7
Let h = -59 - -66. List the prime factors of h.
7
Suppose 5*m - 18 - 7 = 0. Suppose -m*d + 12 = -d. What are the prime factors of d?
3
Suppose 0 = -l - 1, -4*v - 3*l + 4 = l. Suppose -v*q + 6 = -q. List the prime factors of -1*q*(-6)/4.
3
Let l(t) = 2*t + 13. What are the prime factors of l(-3)?
7
Let g = -13 - -99. List the prime factors of g.
2, 43
Suppose 4*p = 5*s - 0 - 4, -5*s = p - 24. Suppose -4*x - 2*g - 19 + 69 = 0, -s*x + 59 = 5*g. List the prime factors of x.
11
Let j(h) = -h**2 - h + 3. Let a be j(4). Let c = 34 + a. Suppose 2*m + c = r, -12 = -5*r - 3*m + 21. What are the prime factors of r?
3
Suppose -3*a - 27 + 168 = 0. List the prime factors of a.
47
Let x(p) = -p**3 - 6*p**2 + 6*p - 5. Let i be x(-7). Suppose -5*w + 60 = 2*k, 3*w - i*w = -2*k + 52. What are the prime factors of k?
5
Let n be 4/10 + 39/15. Let d(q) = 6*q - 3. List the prime factors of d(n).
3, 5
What are the prime factors of 1*-39*-2*(-5)/(-15)?
2, 13
Let s be (117/6)/(6/20). Suppose w - 6 = -5*a, 3*w + 13 - s = 2*a. What are the prime factors of w?
2
Let c be ((-12)/(-5))/((-12)/(-40)). Let m be 2 + 58 - (-1 + 1). What are the prime factors of m/35*(c + -1)?
2, 3
Suppose 3*d + 18 = t, -3*d - t - 8 = 4. Let a = 2 - d. What are the prime factors of a?
7
What are the prime factors of 2 + 47 + (-2)/(-2)?
2, 5
Let i = 12 - 12. Suppose -5*b + 45 = -i*b. What are the prime factors of b?
3
Suppose -x + q + 24 = -6*x, -3*q = -x - 8. Let s = 6 - x. List the prime factors of s.
11
Let t = 8 - 2. Let h be ((-6)/(-4))/(t/8). Suppose -p + 3*u - 10 = 0, 4*u = 6*p - h*p. What are the prime factors of p?
5
Let v(q) = -q**3 + q**2 - q. Let m be v(0). Suppose -2*c + 26 = 4*w - 16, m = 2*c - w - 42. Suppose 0 = 5*f - c - 9. List the prime factors of f.
2, 3
Let z be ((-7)/(-2))/(7/14). Let x = 13 - z. Let d = x + 4. What are the prime factors of d?
2, 5
Let a(j) = j + 11. Let l be a(-9). Suppose l = u, -u + 5 = -z + 2*z. List the prime factors of -4 - -3 - z*-1.
2
Let h be 1/(-2) + (-21)/(-2). Let i = h - 4. List the prime factors of 4/i - 30/(-9).
2
Let j = 81 - 37. Suppose 0 = -3*c - c + j. Li